/(-4)*(3 + m) is divided by 20.
17
Let i = 1 + 23. Suppose 28 - 33 = -s. Calculate the remainder when i is divided by s.
4
Let o(b) = 2*b**3 + 16*b**2 - 18*b + 21. Suppose 2*m - 206 = -2*x, 3*x = -m + 20 + 287. Calculate the remainder when x is divided by o(-9).
18
Suppose l - 5 = -3*q, 2*q + 3*l + 2*l = -14. Suppose 0 = -q*p + 9 + 6. Calculate the remainder when 19 is divided by p.
4
Suppose 3*w + 2*p = 388, w - p = -2*p + 129. Calculate the remainder when w is divided by ((-36)/24)/(-3 + 1)*132/3.
31
Let l(x) = x**2 + 6*x - 2. Let w be l(-8). Let u be (-4)/14 - 66/w. Let d = 25 + u. Calculate the remainder when 58 is divided by d.
18
Let p = 58 - 42. What is the remainder when ((-16)/12 + 0 + -51)*-3 is divided by p?
13
Let o(m) = 5*m**2 - 3*m - 3. Suppose 2*w + 4 + 0 = 0. What is the remainder when o(w) is divided by (-2)/(-13) + 16*(-342)/(-936)?
5
Let q = 19 - 0. Let c be (-77)/(-66) - (-1)/(-6). Suppose -l + 3*g = c, 29 = 3*l - 0*g - g. Calculate the remainder when q is divided by l.
8
Let b = 3 + -1. Let h be ((9 - 1)/1)/2. Suppose h*r - 16 = 5*n - n, 5*r + 4*n - 47 = 0. What is the remainder when r is divided by b?
1
Let l = -181 - -187. Suppose 5*h + 47 - 155 = p, -3*h = 2*p - 70. What is the remainder when h is divided by l?
4
Let r = -23 - -34. Let t = r + 29. Calculate the remainder when t is divided by 14.
12
Suppose 0 = -49*b + 54*b - 1185. What is the remainder when b is divided by 41?
32
Let t(y) be the third derivative of y**5/30 + y**4/24 - y**3/3 - 2*y**2. Calculate the remainder when 4 + (-1 - 1) + (47 - 2) is divided by t(2).
7
Let i(j) = j**2 - 17*j + 12. Let v be i(12). Let g = v - -156. Suppose 0*m = -6*m + g. Calculate the remainder when m is divided by 10.
8
Let v be 1*(35 - (-2 + 3)). Let z = v + -26. Calculate the remainder when 38 is divided by z.
6
Let b be 28/21 + 2/3. Let i be 1/1 + b + -3. Suppose 7*t - 6*t - 7 = i. What is the remainder when 18 is divided by t?
4
Suppose -42 = -2*j - 4*l, 2*l - 16 = -2*l. Calculate the remainder when (-286)/(-12) + 45/(-54) is divided by j.
10
Let o be (-91)/(-3) + 11/(-33). Suppose -77*n - o = -82*n. Calculate the remainder when n is divided by 5.
1
Let t(r) = 10*r - 2. Let j be t(-3). Let k = -203 + 196. Let n = k - j. Calculate the remainder when n is divided by 13.
12
Let o(i) = -2*i**3 - 18*i**2 + 7*i - 13. What is the remainder when 1635 is divided by o(-10)?
114
Let o be ((-2)/4)/(1/14). Let b = o + 7. Calculate the remainder when 17 is divided by 8 - b - (-4)/(-2).
5
Let q = -42 + 63. Suppose 0 = 4*u - 263 + 107. Calculate the remainder when u is divided by q.
18
Let z(v) = -2*v + 67. What is the remainder when z(-12) is divided by 19?
15
Suppose 6*f = 17*f - 1166. What is the remainder when f is divided by 37?
32
Let p(r) = r**2 + 55*r + 888. Calculate the remainder when p(-35) is divided by 6.
2
Suppose 0 = -2*r - 3*a + 549, -5*r - a + 1012 + 367 = 0. What is the remainder when r is divided by 93?
90
Let h be 16/2 - (-28)/(-7). Suppose -5*o + 5*k + 87 + 8 = 0, 2*o - 38 = h*k. What is the remainder when o is divided by 5?
4
What is the remainder when (-8020)/(-45) + 0 + (-4)/18 is divided by 30?
28
Suppose 47*g - 43*g = i + 163, 111 = 3*g + 3*i. What is the remainder when 397 is divided by g?
37
Suppose 0 = -165*c + 157*c + 2016. What is the remainder when c is divided by 64?
60
Suppose 6*w - 20 = 82. Calculate the remainder when w is divided by 12.
5
Let a = -9 + 22. Suppose 3*d = -4*p + 32, 4*d = 2*p - 5*p + 24. Calculate the remainder when a is divided by p.
5
Suppose 4*u - 2 - 70 = 0. Let d be 18/3*3/(-2). What is the remainder when u is divided by (-6 - -1) + 3 - d?
4
Suppose 4*l = -3*g + 205, -3*g + l + l + 199 = 0. What is the remainder when 130 is divided by g?
63
Suppose 38 = -4*x - 114. Let l = x - -31. Let d(n) = -n**2 - 10*n - 1. What is the remainder when d(l) is divided by 8?
4
Suppose 0 = -2*f + 6, o = -3*o - 2*f + 30. Let y be 7/2 - 3/o. Let k(h) = 7*h + 5. What is the remainder when k(y) is divided by 14?
12
Let z(q) = 11*q + 8. Let y(m) = -m - 1. Let x(j) = -3*y(j) - z(j). Calculate the remainder when 21 is divided by x(-2).
10
Suppose 249 = 82*u - 952 - 193. Calculate the remainder when u is divided by (-5 - 1)*(-3)/2.
8
Suppose 7*r - 9*r + 584 = -4*m, 4*r = -3*m + 1179. What is the remainder when r is divided by 74?
72
Suppose 0 = 5*c - 0*c - f - 26, -3*c + 5*f = 2. Suppose h - 22 = -h. Calculate the remainder when h is divided by c.
5
Let w = -6 - -17. Suppose -1 = -3*v + w. What is the remainder when 15 is divided by v?
3
Let j = 782 + -597. What is the remainder when j is divided by 47?
44
Suppose 5*b - 509 = -169. Suppose -6*h + b = -7*h. Calculate the remainder when (6 - 9)*h/6 is divided by 9.
7
Suppose 42 = -6*a, -7*b + 55 = -5*b - 5*a. Let o = -13 - -38. What is the remainder when o is divided by b?
5
Let x(v) = v - 20. Let p be x(18). Let y be p + 4 + -4 - -4. Suppose -i = y*q - 17, -2*q + 6*q + i = 37. Calculate the remainder when 14 is divided by q.
4
Let d(c) = -2*c**3 - 31*c**2 - 13*c + 106. Calculate the remainder when 294 is divided by d(-15).
66
Let z(o) = 35*o - 6. Suppose -5*x = -2*x - 135. Calculate the remainder when z(4) is divided by x.
44
Suppose -10*s + 244 = -6*s. What is the remainder when s is divided by 4?
1
Let s be (-24)/1*25/20. What is the remainder when (s/12 - -3)*86/1 is divided by 12?
7
Calculate the remainder when (-2)/10 - (-232)/10 is divided by (-2)/6 - (-22 + 846/54).
5
Suppose 0*y = 4*i - 4*y + 20, -3*i + y - 21 = 0. What is the remainder when 83 is divided by (-15)/20 + ((-590)/i)/5?
13
Let y = -14 + 20. Let g be ((-4)/y)/(4/318). Let m = g - -90. What is the remainder when m is divided by 19?
18
Let y = 124 + -86. Let u = 2 + y. Calculate the remainder when u is divided by 6.
4
Suppose 5 = -r + v, -15 = -r + v - 4*v. What is the remainder when 34 is divided by r - (-14*1 - -4)?
4
Let u = 0 + 0. Suppose 3*h + u*h = 21. Suppose 210*c = -60*c + 2970. Calculate the remainder when c is divided by h.
4
Suppose 0 = 2*b - 57 - 19. Suppose 5*z = 2*i + 31, 4*z - i = -6*i + b. Let v = 34 - z. Calculate the remainder when 106 is divided by v.
25
Let r(y) = 9*y - 150. What is the remainder when 54 is divided by r(20)?
24
What is the remainder when 19 is divided by (11/(-44))/((-3)/84)?
5
Suppose 5*z - 181 = 3*q + 8, 5*q - 127 = -3*z. Calculate the remainder when z is divided by 8.
7
Suppose 2*l = n - 8, 6*l = -2*n + l - 11. Suppose n*t - 6*t = -3*u - 89, -u - 83 = -4*t. Calculate the remainder when 56 is divided by t.
16
Suppose -4*s = -2*s - 18. Suppose 0 = -8*c + s + 63. Suppose -t - 78 = -4*t. Calculate the remainder when t is divided by c.
8
Suppose 2 + 10 = -4*s. Let b be (-111)/2*(6 - (-154)/(-21)). What is the remainder when (b - 1)/((-3)/s) is divided by 19?
16
Let t be 120/1*(-38)/4. What is the remainder when 8/44 - t/22 is divided by ((-612)/(-374))/(1/11)?
16
Suppose -2 = -4*x + 2. Suppose -t = -3*l - 80, 0 = l + 4*t - 3*t + 28. Let d = 29 + l. What is the remainder when d is divided by x?
0
Let u = -792 + 914. What is the remainder when u is divided by 4?
2
Let u(q) = q**3 + 12*q**2 - 19*q - 18. Let k be u(-13). Suppose 0 = -3*x - 6 + k. Calculate the remainder when 49 is divided by x.
13
Let f = 74 - 27. Suppose -x - 56 = -5*w, -x = w + x - 20. Calculate the remainder when f is divided by w.
11
Let p(c) = -6*c + 32. Calculate the remainder when 64 is divided by p(2).
4
Let p = 176 - 118. Suppose -2*u = 3*j - 3 - 38, -5*j + 65 = 5*u. What is the remainder when p is divided by j?
13
What is the remainder when (113 + 2)*((-135)/(-3))/15 is divided by 34?
5
Calculate the remainder when (-5)/10 + 438/12 is divided by 14.
8
Suppose -192*s + 199*s - 210 = 0. Calculate the remainder when s is divided by 15.
0
Let l(u) = 4*u - 2. Let y be l(1). What is the remainder when 31*y + -25 + 30 is divided by 19?
10
Let m = 20 - -260. Let g = m + -200. What is the remainder when g is divided by 17?
12
Let g(u) = -2*u + 22. Let l be g(8). Suppose 2*c - 45 = -5*f, -f + l*f - 5*c - 10 = 0. What is the remainder when 45/4 + (-1)/4 is divided by f?
4
Let t(k) = -k**3 + 7*k + 1. Suppose 32*u - 37*u = 3*m - 128, -4*m + 159 = 5*u. Calculate the remainder when t(-5) is divided by m.
29
Let v(m) = -14*m - 13. What is the remai